{"id":166,"date":"2023-09-10T23:50:01","date_gmt":"2023-09-10T23:50:01","guid":{"rendered":"https:\/\/sumnar.com\/troycolts\/?page_id=166"},"modified":"2023-09-10T23:50:01","modified_gmt":"2023-09-10T23:50:01","slug":"resort-highlights","status":"publish","type":"page","link":"https:\/\/sumnar.com\/troycolts\/index.php\/resort-highlights\/","title":{"rendered":"Resort Highlights:"},"content":{"rendered":"\n<p>\u2022 2 thematic water parks in the Family Club, one with a wave pool and slides (Pirates Island) and the other with attractions for the little ones (Barcy Pool).<br>\u2022 4 swimming pools for all tastes (children, relax, semi-Olympic, and adults-only) with hydromassage jets<br>\u2022 53,820 square foot Spa with more than 100 treatments available.<br>\u2022 1,402 rooms:<br>\u2022 80% of rooms have sea view<br>\u2022 3 buffet restaurant options: Miramar and Boh\u00edo Dominicano are for regular guests during breakfast and lunch, while the Coral Buffet is available for Premium Level, My Barcel\u00f3, and Barcel\u00f3 Club guests. In addition, Premium Level guests over 18 will have two additional options at Barcel\u00f3 B\u00e1varo Beach: La Brisa and El Caribe.<br>\u2022 8 \u00e0 la carte restaurant options: Coral (fish and seafood), Santa F\u00e9 (steakhouse), Hoyo 19 (American style), Kyoto (Japanese), Dolce Vita (Italian), M\u00e9xico Lindo, La Fuente (Spanish) and La Comedie (French) which has an additional charge for regular guests but is included for Premium Level guests.<br>\u2022 14 Bars located at the Barcel\u00f3 B\u00e1varo Palace<br>\u2022 Strikers Sports Bar, open 24 hours<br>\u2022 Beverage service in the pool area<br>\u2022 Beauty salon for ladies, men, and children with Spa Pedicure.<br>\u2022 Fitness Center<br>\u2022 The Lakes Golf Course, designed by P.B. DYE, 6,655 yards, is an 18-hole par 72 course with 15 holes protected by natural lakes, 122 sand traps, a driving range of more than 215,278 square feet, and a putting and chipping green of more than 32,292 square feet.<br>\u2022 Casino B\u00e1varo is open from 3:00 pm &#8211; 3:00 am (15:00-3:00) with more than 150 state-of-the-art slot machines, more than 10 gaming tables, daily raffles, and live music.<br>\u2022 Guests can also take advantage of various water sports such as scuba diving, snorkeling, kayaking, and windsurfing.<br>\u2022 1 professional soccer field and 1 baseball field, both with natural grass.<br>\u2022 4 tennis courts, one combined with Pickleball, 2 paddle courts, 1 18-hole minigolf course.<br>\u2022 Gran Teatro B\u00e1varo with 2 levels, more than 1,400 seats, and spectacular shows every night featuring more than 30 artists on stage.<br>\u2022 Bowling Center with 4 lanes and the Arcade Zone area with over 20 video games and arcade machines.<br>\u2022 &#8220;Disco B\u00e1varo&#8221; club for adults with a capacity for more than 1,500 people.<br>\u2022 &#8220;The Xone Teen Disco&#8221; is a specialized club for teenagers.<\/p>\n","protected":false},"excerpt":{"rendered":"<p>\u2022 2 thematic water parks in the Family Club, one with a wave pool and slides (Pirates Island) and the other with attractions for the little ones (Barcy Pool).\u2022 4 &#8230;<\/p>\n","protected":false},"author":2,"featured_media":0,"parent":0,"menu_order":0,"comment_status":"closed","ping_status":"closed","template":"","meta":{"footnotes":""},"class_list":["post-166","page","type-page","status-publish","hentry"],"_links":{"self":[{"href":"https:\/\/sumnar.com\/troycolts\/index.php\/wp-json\/wp\/v2\/pages\/166","targetHints":{"allow":["GET"]}}],"collection":[{"href":"https:\/\/sumnar.com\/troycolts\/index.php\/wp-json\/wp\/v2\/pages"}],"about":[{"href":"https:\/\/sumnar.com\/troycolts\/index.php\/wp-json\/wp\/v2\/types\/page"}],"author":[{"embeddable":true,"href":"https:\/\/sumnar.com\/troycolts\/index.php\/wp-json\/wp\/v2\/users\/2"}],"replies":[{"embeddable":true,"href":"https:\/\/sumnar.com\/troycolts\/index.php\/wp-json\/wp\/v2\/comments?post=166"}],"version-history":[{"count":1,"href":"https:\/\/sumnar.com\/troycolts\/index.php\/wp-json\/wp\/v2\/pages\/166\/revisions"}],"predecessor-version":[{"id":168,"href":"https:\/\/sumnar.com\/troycolts\/index.php\/wp-json\/wp\/v2\/pages\/166\/revisions\/168"}],"wp:attachment":[{"href":"https:\/\/sumnar.com\/troycolts\/index.php\/wp-json\/wp\/v2\/media?parent=166"}],"curies":[{"name":"wp","href":"https:\/\/api.w.org\/{rel}","templated":true}]}}